 4, -z*c = -2*j - 20. Let w(k) = k + 7. Calculate w(j).
3
Let w(v) = -12*v + 3. Let h be w(7). Let t = -87 - h. Let g(b) = b**2 + 8*b + 1. What is g(t)?
-11
Let w(z) be the first derivative of -2*z**3/3 - 4*z**2 - 10*z - 366. Determine w(-5).
-20
Let h(v) be the third derivative of 0*v**3 - 1/12*v**4 + 15*v**2 + 0*v + 0. Give h(2).
-4
Let p(o) be the third derivative of -29*o**5/60 + o**3/6 - 32*o**2 - 4*o. Give p(1).
-28
Let i(j) be the second derivative of -7/6*j**3 + 7/2*j**2 + 1/12*j**4 + 0 + 12*j. Let p = 0 + 6. What is i(p)?
1
Let w(i) = i**2 + 5*i - 3. Let j = 24 + -19. Suppose -j*l + 13 = -12. Suppose -y + 2 + l = -s, 0 = -2*y + 4. Determine w(s).
-3
Let x(r) = -8*r**3 - 10*r**2 - 8*r - 5. Let n(z) = 7*z**3 + 10*z**2 + 8*z + 4. Let j(u) = -7*n(u) - 6*x(u). Determine j(-9).
-7
Let i(o) = 6*o + 5. Let h(p) = 7*p + 7. Let m(x) = 5*h(x) - 6*i(x). Determine m(-4).
9
Let w(g) be the third derivative of g**9/60480 - g**8/3360 - g**7/1680 + g**6/80 + 4*g**5/15 + 6*g**2. Let m(v) be the third derivative of w(v). Give m(6).
-9
Let d be (9 - (18 + 5))*2/(-14). Let s(z) = -4*z + 10. Calculate s(d).
2
Let g be 15/(-10) + (-79)/(-2). Let i = -36 + g. Let s(y) = -2*y + 1. Give s(i).
-3
Let j(y) = -2*y - 1. Let r be 0/(-2 + 1) + (-16 - -18). Suppose 2*s - r = 3*s. Give j(s).
3
Suppose 19*t - 3*y = 22*t - 36, 3*y + 28 = 5*t. Let o(b) = -3*b**2 - 14*b + 5. Let f(q) = -2*q**2 - 7*q + 2. Let u(v) = 5*f(v) - 3*o(v). Determine u(t).
-13
Let i(t) = t**2 - 2*t - 9. Let w(z) = z**2 + 4*z + 8. Let s(f) = -5*f**2 - 17*f - 31. Let a(x) = -2*s(x) - 9*w(x). Let d(g) = 6*a(g) - 7*i(g). Give d(4).
-5
Let a(n) = -4*n**3 - 9*n**2 - 7*n + 2. Suppose -y - 14*y + 30 = 0. Let h(o) = -3*o**3 - 9*o**2 - 8*o + 2. Let z(s) = y*a(s) - 3*h(s). Calculate z(-7).
26
Suppose 7 = -2*l + 19. Let a(r) = 3 + r**3 - 5*r - 3*r**2 + 0*r**2 + 0*r**3 - 2*r**2. Give a(l).
9
Let s(u) = -u**3 - 4*u**2 + 8*u + 7. Let c(d) = 5 - d - 7 + 5. Let a be c(8). What is s(a)?
-8
Suppose 12*q - 142 = -34. Let u(o) = o**2 - 8*o - 12. What is u(q)?
-3
Let k be (48/8 - 5) + (-1 - -18). Let h be (-3)/(k/50) - 10/15. Let l(t) = -t - 12. Give l(h).
-3
Suppose -43 = -4*v + 3*a - 0*a, 2*v = -a + 9. Suppose -1 + v = 3*i. Let y(l) = -7*l + l**3 + i*l**2 - 4 + 2*l + 2*l + 0*l**3. What is y(-3)?
-4
Let k(u) = u - 1. Let h(n) = 7*n - 10. Let v(q) = -h(q) + 4*k(q). Suppose 0 = 9*m - 5*z - 27 - 24, -5*m + 4*z + 32 = 0. Give v(m).
-6
Let i(c) = -2*c - 36. Let u(g) = -1. Let t(x) = i(x) + 3*u(x). Let p be t(-16). Let w(k) = -k - 7. Determine w(p).
0
Let k(l) = -3 - 17*l + 2 + 8*l. Let t(b) = -b + 1. Let g(u) = k(u) - 2*t(u). Determine g(-2).
11
Let y(k) = k**2 - k + 4. Let l be (-3)/(-2)*14/63*-12. Calculate y(l).
24
Let w(u) = -9*u**2 - 2*u. Let l(n) = n**3 - 16*n**2 - 10*n + 158. Let r be l(16). Calculate w(r).
-32
Let m(i) = -3*i - 13. Suppose -14*a - 115 = -45. What is m(a)?
2
Let i(n) = -12*n + 35 - 10*n + n**2 + 9*n - 4*n. What is i(15)?
5
Let f(j) = -j + 10. Let d = -6 + 4. Let u(z) = 2*z - 3. Let b(o) = -6*o + 9. Let r(s) = 4*b(s) + 11*u(s). Let m be r(d). Calculate f(m).
3
Suppose 6*v = -3*v + 45. Suppose 7 = -3*l + 5*z, -3*l + v*z = 3*z - 8. Let y(p) = -p + 2. Determine y(l).
-4
Let g(n) be the third derivative of -1/12*n**5 + 0 - 1/6*n**4 - 5*n**2 + 0*n - 1/6*n**3 - 1/120*n**6. Let j be 1*((-2 - 3) + 1). Determine g(j).
-1
Let k(n) = -15*n**2 - 19*n**2 - 2 - 3*n + 35*n**2 - 6*n + 4*n. Determine k(-3).
22
Let j(z) be the third derivative of z**4/8 + z**3 - 40*z**2. What is j(-4)?
-6
Let z(d) = 7*d**3 - 16*d**2 + 11*d - 21. Let c(l) = -6*l**3 + 15*l**2 - 11*l + 20. Let t(m) = -6*c(m) - 5*z(m). Calculate t(9).
3
Let c(q) = q - 12. Let a be c(6). Let t = a - -2. Let z(m) = 26*m**2 - 44*m + 22. Let u(b) = 8*b**2 - 14*b + 7. Let n(r) = -16*u(r) + 5*z(r). Calculate n(t).
14
Let l = 32 - 10. Let w(d) = -2 + 57*d**2 + 2*d + d**3 - 19*d**2 - l*d**2 - 20*d**2. Calculate w(3).
-5
Let f(y) = 14*y + 21. Let g(l) = 40*l + 61. Let w(k) = -17*f(k) + 6*g(k). Calculate w(-8).
-7
Let w be 10/(-15) + (-56)/24. Let x(d) = 2*d. Calculate x(w).
-6
Let w(l) = 3*l + 30. Suppose 54*f = -202 - 446. What is w(f)?
-6
Let k(r) = -r**3 - 10*r**2 - 10*r + 3. Let d = -554 - -545. Calculate k(d).
12
Let c(v) = -v + 4. Suppose 4 = 4*n, 6 = -5*y + 4*n - 13. What is c(y)?
7
Let s(z) = -z**3 - 9*z**2 - 6*z - 10. Let o(p) = p**2 - 10*p + 8. Let d be o(8). Give s(d).
-26
Let q(t) be the second derivative of 3/2*t**2 + 1/12*t**4 + 2/3*t**3 + 0 + 15*t. Determine q(-4).
3
Let b(c) = -51*c**2 - 56*c**2 + 2*c + 108*c**2 - 3. Give b(-3).
0
Let n be 4 - (2 - (1 - 5)). Let h(f) = 13*f + 2. Determine h(n).
-24
Suppose -3*o + 15 = -3*m, -2*o + 5 + 0 = -m. Let c(v) = -2*v**3 - 3*v + 4*v**2 + 2 + 5 - 6 + o*v. What is c(2)?
-5
Let t be -4*((-232)/32)/29. Let x(f) be the first derivative of -f**3 - f - 1. Give x(t).
-4
Let a(q) = 10*q + 4. Let b(i) = -20*i - 9. Let j(t) = 7*a(t) + 3*b(t). Give j(-1).
-9
Let x(j) = j**3 - 4*j**2 - j + 1. Let u(v) = v**2 + 20*v + 22. Suppose -1 = 2*h + 37. Let r be u(h). Calculate x(r).
-11
Let j(o) = -o**3 - o**2 + 1. Suppose 2*z = -5*l - 13, 8*l - 11 = z + 12*l. Give j(z).
-1
Let k(r) = -r**2 + 3*r + 5. Suppose -4 - 14 = 3*n. Let t be n/(-30) - (-24)/5. What is k(t)?
-5
Let g(c) = 4*c - 24. Let r be 2/6*(46 + -31). Give g(r).
-4
Let h(c) = c**2 + 11*c + 8. Suppose -3*w + 4 = -t - 20, 4*t + w + 44 = 0. Calculate h(t).
20
Let w = 139 + -137. Let i(b) = -b**w + 87 - 45 - 43 + 2*b**2. Give i(5).
24
Let r(b) = -11 - b**3 + 2 + 1 + 5 + 9*b**2. Give r(9).
-3
Let b(g) = -5*g**3 - 22*g**2 - 13. Let s(y) = -11*y**3 - 51*y**2 + y - 28. Let i(t) = 9*b(t) - 4*s(t). Let u = -2 + 7. Give i(u).
0
Suppose -23 = k - 25. Let m(j) = -4*j**2 - j + 5. Let x(r) = -5*r**2 - 2*r + 6. Let w(q) = -4*m(q) + 3*x(q). Give w(k).
-2
Let i(o) = 7*o + o**3 - 39*o**2 + 23*o**2 - 2 + 9*o**2. Calculate i(5).
-17
Let a = 44 - 44. Let k be (a - -2) + (-1)/((-3)/(-21)). Let g(v) = 3*v + 6. What is g(k)?
-9
Let c(u) = 2*u**2 + 96*u + 500. Let i be c(-42). Let h(y) be the first derivative of -y**4/4 - 2*y**3 - 3*y**2 - 6*y - 1. What is h(i)?
-14
Suppose 11*w - 18 = 4. Let t(p) = 2*p - p**2 + p - w*p - 2. Calculate t(0).
-2
Let v(g) = -3*g**2 - 42*g - 13. Let r(l) = 2*l**2 + 28*l + 8. Let h(p) = -7*r(p) - 5*v(p). Determine h(-13).
-4
Let u(o) = -o**2 + 9*o - 7. Let l be (15/(-10))/((-3)/16). Calculate u(l).
1
Let l(k) = k**3 - 10*k**2 - 7*k + 2. Let o(j) = j**2 - 1. Suppose 0 = -3*i + 9, 21 = 3*b + 4*i - 3*i. Let p(u) = b*o(u) + l(u). Calculate p(6).
26
Let t(q) be the first derivative of q**4/4 - 5*q**3/3 - 5*q**2/2 - 4*q + 34. Give t(6).
2
Suppose -41*l - 192 = 7*l. Let t(k) = 3*k + 1. Determine t(l).
-11
Suppose 3*d + 45 = 6*d. Suppose -3*k + d = -0. Suppose 2*l - 5*r + k = -l, 0 = 3*l + 3*r + 21. Let y(s) = -s**3 - 5*s**2 + s + 5. What is y(l)?
0
Let l(n) be the third derivative of n**4/24 + n**3 + 94*n**2. Calculate l(0).
6
Let k(g) = 13*g**3 + 49*g**2 + 3*g + 39. Let q(z) = 4*z**3 + 16*z**2 + z + 12. Let l(y) = -2*k(y) + 7*q(y). Determine l(-7).
-1
Let l(j) = 11*j + 6. Let f(k) = -11*k - 4. Let o(c) = 3*f(c) + 2*l(c). Suppose 9 + 4 = -5*p - 4*h, 3*h + 6 = 0. Calculate o(p).
11
Let g(m) = -m**3 - 6*m**2 - 5*m - 7. Suppose -3*f = 5*q + 119, 3*f + 19 - 120 = 5*q. Let r = q + 17. Calculate g(r).
-7
Let y(m) = m - 3. Let d(l) = -l**3 - 5*l**2 - 2*l - 6. Let t be d(-5). Let f be (-10)/(t/(-36)*-6). Let q = f - -18. Determine y(q).
0
Let c(n) be the second derivative of -n**5/20 - n**4/4 + 2*n**3/3 + 5*n**2/2 - 50*n. Give c(-4).
5
Let f(z) = 6*z + 104. Let k(c) = -c - 11. Let j(s) = f(s) + 10*k(s). Give j(-1).
-2
Let f(c) be the third derivative of c**4/12 + 2*c**3 + c**2 - 11. What is f(-10)?
-8
Suppose -11*v = -13*v + 14. Let t = -19 + 11. Let i = v + t. Let r(x) = -2*x + 1. What is r(i)?
3
Let z be (-24)/24 - (-8)/2. Let q(a) = 22*a - 2 - 19*a - z. Give q(4).
7
Suppose -14 + 2 = -3*o. Suppose -3*r + o*r = 5. Let i(x) = 2*x**2 + 3*x - 7. Let n(s) = -3*s**2 - 5*s + 11. Let f(u) = r*n(u) + 7*i(u). What is f(-5)?
1
Let z(o) = -27*o - 22*o + 51*o + 5. What is z(-4)?
-3
Let u(q) be the second derivative of -q**7/840 + q**6/90 + q**5/120 + q**4/12 - 7*q**3/3 - 15*q. Let m(c) be the second derivative of u(c). Calculate m(5).
-18
Let w(m) = m**2 - 7*m + 2. Let k be w(5). Let 